{"id":6463,"date":"2024-05-20T20:57:37","date_gmt":"2024-05-20T18:57:37","guid":{"rendered":"https:\/\/skrivovin.se\/?page_id=6463"},"modified":"2024-05-20T21:01:19","modified_gmt":"2024-05-20T19:01:19","slug":"hundfolket","status":"publish","type":"page","link":"https:\/\/skrivovin.se\/index.php\/hundfolket\/","title":{"rendered":"Hundfolket"},"content":{"rendered":"\n<p>Jag m\u00f6ter dom varje dag<br>Morgon, middag och kv\u00e4ll<br>Dom \u00e4r alltid p\u00e5 g\u00e5ng<\/p>\n\n\n\n<p>Stor hund och rak rygg<br>p\u00e5 \u00e4garen<\/p>\n\n\n\n<p>Liten hund och b\u00f6jt huvud<br>p\u00e5 \u00e4garen<\/p>\n\n\n\n<p>Mera prat med liten hund<br>jollrande som med barn<br>Hunden tittar bort<\/p>\n\n\n\n<p>\u201dDu \u00e4r s\u00e5 duktig, vill du ha en godis\u201d<br>hunden stannar, v\u00e4ntar<br>\u201dDuktig vovve.\u201d<\/p>\n\n\n\n<p>Stor hunds utfall mot liten hund<br>\u201dhan menar inget illa,<br>han \u00e4r alltid s\u00e5 sn\u00e4ll,<br>vill bara h\u00e4lsa\u201d<br>En \u00e4gares joller<\/p>\n","protected":false},"excerpt":{"rendered":"<p>Jag m\u00f6ter dom varje dagMorgon, middag och kv\u00e4llDom \u00e4r alltid p\u00e5 g\u00e5ng Stor hund och rak ryggp\u00e5 \u00e4garen Liten hund och b\u00f6jt huvudp\u00e5 \u00e4garen Mera prat med liten hundjollrande som med barnHunden tittar bort \u201dDu \u00e4r s\u00e5 duktig, vill du&#8230;<\/p>\n","protected":false},"author":2,"featured_media":0,"parent":0,"menu_order":0,"comment_status":"closed","ping_status":"closed","template":"","meta":{"jetpack_post_was_ever_published":false,"footnotes":""},"class_list":["post-6463","page","type-page","status-publish","hentry","no-post-thumbnail"],"jetpack_sharing_enabled":true,"_links":{"self":[{"href":"https:\/\/skrivovin.se\/index.php\/wp-json\/wp\/v2\/pages\/6463","targetHints":{"allow":["GET"]}}],"collection":[{"href":"https:\/\/skrivovin.se\/index.php\/wp-json\/wp\/v2\/pages"}],"about":[{"href":"https:\/\/skrivovin.se\/index.php\/wp-json\/wp\/v2\/types\/page"}],"author":[{"embeddable":true,"href":"https:\/\/skrivovin.se\/index.php\/wp-json\/wp\/v2\/users\/2"}],"replies":[{"embeddable":true,"href":"https:\/\/skrivovin.se\/index.php\/wp-json\/wp\/v2\/comments?post=6463"}],"version-history":[{"count":3,"href":"https:\/\/skrivovin.se\/index.php\/wp-json\/wp\/v2\/pages\/6463\/revisions"}],"predecessor-version":[{"id":6467,"href":"https:\/\/skrivovin.se\/index.php\/wp-json\/wp\/v2\/pages\/6463\/revisions\/6467"}],"wp:attachment":[{"href":"https:\/\/skrivovin.se\/index.php\/wp-json\/wp\/v2\/media?parent=6463"}],"curies":[{"name":"wp","href":"https:\/\/api.w.org\/{rel}","templated":true}]}}