{"id":1922,"date":"2019-08-14T15:25:47","date_gmt":"2019-08-14T13:25:47","guid":{"rendered":"https:\/\/skrivovin.se\/?page_id=1922"},"modified":"2023-02-06T17:11:59","modified_gmt":"2023-02-06T16:11:59","slug":"blickar","status":"publish","type":"page","link":"https:\/\/skrivovin.se\/index.php\/blickar\/","title":{"rendered":"Blickar"},"content":{"rendered":"\n<p><br><strong>I snabbk\u00f6pet<\/strong><br>M\u00f6tte din blick \u00f6ver hyllan<br>ett \u00f6gonkast d\u00e4r ljuset br\u00f6ts<\/p>\n\n\n\n<p>Du gick sp\u00e4nstigt p\u00e5 andra sidan skeppet<br>jag l\u00e5ngsamt tvekande<\/p>\n\n\n\n<p>Du kom runt hyllan d\u00e4r kaffet stod <br>m\u00f6tte min blick igen, men jag bara gick <br><br>Jag v\u00e4nde mig och du log <br>Du bl\u00e4ndades av solen och jag av blicken<\/p>\n\n\n\n<p>Vem \u00e4r du, men d\u00e5 gick du igen<br>sk\u00e4rp dig, t\u00e4nkte jag, hon \u00e4r ung, \u00e4n sen<\/p>\n\n\n\n<p>Genom ytterd\u00f6rren ett l\u00e5ngt \u00f6gonkast <br>jag skyndade mig ut, men d\u00e4r var du inte mer.<\/p>\n","protected":false},"excerpt":{"rendered":"<p>I snabbk\u00f6petM\u00f6tte din blick \u00f6ver hyllanett \u00f6gonkast d\u00e4r ljuset br\u00f6ts Du gick sp\u00e4nstigt p\u00e5 andra sidan skeppetjag l\u00e5ngsamt tvekande Du kom runt hyllan d\u00e4r kaffet stod m\u00f6tte min blick igen, men jag bara gick Jag v\u00e4nde mig och du log&#8230;<\/p>\n","protected":false},"author":2,"featured_media":0,"parent":0,"menu_order":0,"comment_status":"closed","ping_status":"closed","template":"","meta":{"jetpack_post_was_ever_published":false,"footnotes":""},"class_list":["post-1922","page","type-page","status-publish","hentry","no-post-thumbnail"],"jetpack_sharing_enabled":true,"_links":{"self":[{"href":"https:\/\/skrivovin.se\/index.php\/wp-json\/wp\/v2\/pages\/1922","targetHints":{"allow":["GET"]}}],"collection":[{"href":"https:\/\/skrivovin.se\/index.php\/wp-json\/wp\/v2\/pages"}],"about":[{"href":"https:\/\/skrivovin.se\/index.php\/wp-json\/wp\/v2\/types\/page"}],"author":[{"embeddable":true,"href":"https:\/\/skrivovin.se\/index.php\/wp-json\/wp\/v2\/users\/2"}],"replies":[{"embeddable":true,"href":"https:\/\/skrivovin.se\/index.php\/wp-json\/wp\/v2\/comments?post=1922"}],"version-history":[{"count":7,"href":"https:\/\/skrivovin.se\/index.php\/wp-json\/wp\/v2\/pages\/1922\/revisions"}],"predecessor-version":[{"id":5809,"href":"https:\/\/skrivovin.se\/index.php\/wp-json\/wp\/v2\/pages\/1922\/revisions\/5809"}],"wp:attachment":[{"href":"https:\/\/skrivovin.se\/index.php\/wp-json\/wp\/v2\/media?parent=1922"}],"curies":[{"name":"wp","href":"https:\/\/api.w.org\/{rel}","templated":true}]}}